- 72 = -3*x, -6*x + 123 = -x - 4*i. Suppose 0 = x*r - 26*r - 8. Calculate the remainder when 21 is divided by r.
5
Suppose -3*p + z + 39 = -2*z, -p + 19 = z. What is the remainder when (-2)/7 + (-205)/(-7) is divided by p?
13
Let s = 1790 - 1730. What is the remainder when 651 is divided by s?
51
Let d = 17 - 1. Let w = d - 5. Calculate the remainder when 31 is divided by w.
9
What is the remainder when (-9)/(-4)*(-1720)/(-129) is divided by 27?
3
Suppose 588 = 3*k - 0*k. Suppose 0*y + 4*y = k. Calculate the remainder when y is divided by 13.
10
Let u = 1391 + -1372. Calculate the remainder when ((-6)/(-8))/((-5)/(-460)) is divided by u.
12
Suppose 7*l + 299 = 20*l. Calculate the remainder when 190 is divided by l.
6
Suppose 9*p = 7*p + 270. Suppose -g = 2*q + 2*q - p, 0 = -4*q + g + 145. Calculate the remainder when 173 is divided by q.
33
Let j(x) = 5*x**2 - 4*x - 6. Suppose -19*c + 80 = 4*t - 15*c, -4*c = 20. Calculate the remainder when j(5) is divided by t.
24
Suppose l + 290 = 4*n + 4*l, 4*l = -8. Calculate the remainder when n is divided by 46.
28
Suppose -8*o = 3*o - 1903. What is the remainder when o is divided by 5?
3
Let c = -20 + -8. What is the remainder when 7/(c/(-128)) + 4 is divided by 19?
17
Let j = -18 + 21. Let k(v) = -16*v - 1 + v**j - 3*v**2 - 10*v + 29*v. What is the remainder when 21 is divided by k(3)?
5
Suppose 9*g + 184 = 3*u + 14*g, 2*u + 5*g = 126. What is the remainder when u is divided by 17?
7
Let x = 432 - 417. Calculate the remainder when 192 is divided by x.
12
Let i(z) = z**2 + 76. Calculate the remainder when i(0) is divided by 156/15*(-5)/(-2).
24
What is the remainder when 16/(-3)*(-9855)/146 is divided by 53?
42
Let n = -168 + 196. Calculate the remainder when 1/(2*1/330) is divided by n.
25
Let q be 4 + (-7675)/35 - (-4)/14. Let f = 219 + q. Let n(b) = 4*b - 1. Calculate the remainder when n(5) is divided by f.
3
Let t(y) = -y**3 + 12*y**2 - y + 15. Let o be t(12). Let d be o/(-2 - 9/(-3)). Suppose 0 = -4*z + d*z + 7. Calculate the remainder when 26 is divided by z.
5
Suppose 12*l - 2295 - 4821 = 0. Calculate the remainder when l is divided by 15.
8
What is the remainder when ((-21)/6 - -4) + (-323)/(-2) is divided by 55?
52
Let j = 28 + -16. What is the remainder when 6479/114 - 3/(-18) is divided by j?
9
Calculate the remainder when 32 is divided by 21/(-2)*78/(-117).
4
Let s(p) = -3*p**2 + 72. Let j be s(0). Calculate the remainder when 14 is divided by (48/j)/(2/15).
4
Let o be (721/(-21))/(-2 - (-10)/6). Let j = o + -86. What is the remainder when j is divided by 7?
3
Let a(p) = -10*p - 182. Calculate the remainder when a(-31) is divided by 17.
9
Let h be -3 + 2 + (2 - 2). Let n(w) = 52*w - 2. Let t be n(h). Calculate the remainder when 51 is divided by t/4*(-1 + -1).
24
Let z(p) = p**3 - 2*p - 1. Let i = 13 - 10. Suppose j - m = -2*m + 6, -i*j + 32 = -4*m. Calculate the remainder when j is divided by z(2).
2
Suppose -5*h - 2 = 3. Let z be -28*(5/(-4) - h). Suppose 0 = 9*j - z*j - 48. Calculate the remainder when j is divided by 9.
6
Let f(q) = q**2 - 24*q - 76. Let s(x) = 2*x - 1. Let o be s(8). What is the remainder when -57*(-2 - o/(-9)) is divided by f(-3)?
4
Let p be (3/(-6) + -2)*-2. Suppose g + p*m - 33 = -2*g, -4*g + 44 = m. Let u(t) = t + 1. Calculate the remainder when g is divided by u(2).
2
Let q(w) = w**2 + 14*w + 15. Let o be q(-14). Suppose -2*a + 3*a - o = 0. Calculate the remainder when a is divided by 7.
1
Let s be -10 + (-1 - 0) - 4. Calculate the remainder when (6/s)/(2/(-265)) is divided by 14.
11
What is the remainder when 109 is divided by (105/(-12))/1*(-2 + -2)?
4
Let k(s) = 2*s**2 - 3*s + 7. Let j(z) = 4*z - 17. Let a be j(5). Calculate the remainder when k(a) is divided by ((-15)/(-6))/((-1)/(-2)).
1
Let p(n) = -6*n**3 - 121*n**2 - 21*n + 19. What is the remainder when 155 is divided by p(-20)?
38
Suppose -b - 16 = -5*b, 2*m + 3*b = 32. Let s be m/(-45) - (-482)/(-18). Calculate the remainder when (s + 4)/(-1 - 0) is divided by 13.
10
Suppose 18*g - 16*g = -2*s + 96, g - 3*s = 28. Calculate the remainder when 79 is divided by g.
36
Suppose -3*n + 5 = -1. Let a = -350 + 384. Suppose -a = -n*g - 4*h + 42, -4*g + 4*h = -212. What is the remainder when g is divided by 17?
14
Suppose -i - 4*i - 90 = -5*j, 0 = 4*i + 4*j + 32. Let p = i + 27. Calculate the remainder when 38 is divided by p.
10
Suppose -25*y = -29*y + 12. Suppose x - 17 = -4*r - 2*x, r + y*x = 2. Suppose -3*b - 2*b = -35. Calculate the remainder when b is divided by r.
2
Let q be (0 + 2)/(-10 - -8). Suppose 2*z - 2*w = -6, 5*z + 4*w + 6 = -0*z. Calculate the remainder when (q/z)/((-5)/(-420)) is divided by 15.
12
Let y = -2 - -2. Let v = y + 19. Let d = -6 + 16. What is the remainder when v is divided by d?
9
Suppose -w - 3*h - 82 = 0, -5*w = 5*h + 517 - 97. Let a = 120 + w. What is the remainder when 138 is divided by a?
33
Suppose 2*i + 3*b - 228 = 0, -8*i + 2*b + 329 = -5*i. Calculate the remainder when i is divided by 38.
35
Suppose 2*n = -3*n + 10. Suppose n*h - 2*j - 410 = -3*h, -5*j = 25. Calculate the remainder when h is divided by 9.
8
Suppose -3*c = 7*z - 2*z + 14, 0 = -5*c - 5*z - 30. Let d(r) = -3*r - 6. Calculate the remainder when (-1092)/(-16) + 1/(-4) is divided by d(c).
14
Suppose 2*h - 2*t + 0*t = 14, 2*h = 4*t + 22. Suppose 37 = -6*p - 251. What is the remainder when ((-3)/(-4))/((-4)/p) is divided by h?
0
Let j(g) = 3*g**2 - 93*g - 377. What is the remainder when 121 is divided by j(-4)?
35
Let k(j) = j - 5. Let r be k(5). Suppose -2*d + 2*x - 20 = r, -2*d = 2*x + 20 + 16. Let z = -5 - d. What is the remainder when z is divided by 3?
0
Suppose 2*k + 1 = q - 2, 2*q = -3*k + 27. Suppose 0*v + 5*v + 5*u - 70 = 0, u - 1 = 0. What is the remainder when v is divided by q?
4
Suppose -1 = 4*c - 9. What is the remainder when 5*1 + -1 + -1 is divided by 1*(2 - (3 - c))?
0
Suppose -5*f - 14 + 144 = 0. Suppose -3*r + f = -34. What is the remainder when 75 is divided by r?
15
Suppose -3*d = 2*d - 210. Suppose 2*u - d = -4*l - 16, 0 = -3*u + 2*l + 39. Calculate the remainder when 37 is divided by u.
11
Let v(w) = 2*w**2 + 4*w - 1. Let q be v(-1). Calculate the remainder when (1 - 3) + 820/10 - q is divided by 42.
41
Let v(k) = 16*k + 1. Let b be v(2). Suppose -b = 4*s - 9. What is the remainder when 28 is divided by 8*(-2)/(-4) - s?
8
Suppose -3*v - 29*h + 24*h + 61 = 0, -2*v + 39 = 5*h. Suppose -3*b + 11 = -1, 5*p - 24 = 4*b. Calculate the remainder when v is divided by (p - 0)*3/2.
10
Suppose 2*a = f - 280, 0 = -5*a + 11 + 14. Suppose 0*v - 5*v + f = 0. Calculate the remainder when v is divided by (-2 + 2 - -17) + -2.
13
Suppose -14*j = -379 - 153. Calculate the remainder when j is divided by 15.
8
Suppose 27*m = 32*m - 205. Calculate the remainder when 78 is divided by m.
37
Let k = -128 + 154. What is the remainder when 101 is divided by k?
23
Let b(x) = 3*x**3 - 2*x**2 - 4*x + 3. What is the remainder when 16 is divided by b(2)?
5
Let i(s) = 36*s + 511. What is the remainder when i(0) is divided by 103?
99
Suppose 3*x - 28 = x. Suppose -82*c + 56*c = -1404. Calculate the remainder when c is divided by x.
12
Let f = 1088 - 884. Calculate the remainder when f is divided by 5.
4
Suppose 2*j = j + 10. What is the remainder when 21/(756/456)*(-27)/(-6) is divided by j?
7
Let g(n) = n**3 - 9*n**2 + 5*n - 5. Let y be (-3)/(-2 + -1) + 3. Let s = y - -11. What is the remainder when g(9) is divided by s?
10
Let a(w) = -w**3 - 9*w**2 + 7*w + 17. Let c be a(-9). Let f = c + 54. What is the remainder when 2/4 + 61/2 is divided by f?
7
Suppose 0 = 4*h - 15 - 69. Let i = 101 - 40. What is the remainder when i is divided by h?
19
Calculate the remainder when 230 is divided by ((-1 - -2) + (-572)/65)*-5.
35
Let p be (0 - 0)/(50/25). Suppose -2*t + 62 = -p*t. Let g = -11 - -28. What is the remainder when t is divided by g?
14
Let c = -72 + 103. Suppose 27 + 23 = -5*q + 4*n, 0 = q - n + 10. Calculate the remainder when c is divided by (-68)/q*(-15)/(-6).
14
Let r be (-2)/10 + 4105/25. Let j = r + -74. Calculate the remainder when j is divided by 31.
28
Let h(p) = -3*p**2 + 16*p. Suppose 2*v - 5*v + 21 = 0. Suppose 0 = 5*l - v - 33. What is the remainder when l is divided by h(5)?
3
Let m = -1293 + 2424. Calculate th